 y(5).
-2
Let z(l) = -2*l**2 + 5*l + l**3 - 2*l**2 - 2*l**3 - 2. Let o = -3 - -6. Let r be o*((-30)/9)/2. What is z(r)?
-2
Suppose 0 = -4*z + i - 18, 3*z + 2*z = 5*i - 15. Let t(o) = -2*o**2 - 4*o + 5. Calculate t(z).
-25
Let l(h) = 2*h**3 - 2*h**2 + h. Let g(t) = 6*t - 8. Let b be g(7). Let r = b - 24. Let k be (-27)/(-15) + 2/r. Calculate l(k).
10
Suppose 2*w - 51 = -a - 20, -w = 4*a - 19. Let d = 12 - w. Let r(k) = 5*k + 4. What is r(d)?
-11
Let w be 112/(-18) - (-28)/126. Let r(l) = -l**3 - 5*l**2 + 6*l + 4. What is r(w)?
4
Suppose -5*d = -10, -4*d = -v - d. Let z(q) be the third derivative of -q**5/60 + 5*q**4/24 + q**3/2 - 2*q**2. What is z(v)?
-3
Let h(s) = -2*s + 7. Suppose g + 2*k + 14 = 0, 3*k + 1 = g - 5. Give h(g).
19
Let p(b) = b**3 + 8*b**2 - 4*b - 2. Let x be (-6)/2 + 5 - 3. Let h(u) = u**3 + u**2. Let o(w) = x*p(w) + 2*h(w). Let a be 1 - ((-32)/(-4))/(-2). Calculate o(a).
-3
Suppose -f - w - 3 = -2*f, -4*f - w = -2. Let c(s) = -4*s + 4*s + s - 6*s**2. Calculate c(f).
-5
Let x(j) = 4*j - 7 + 0*j - 7*j**2 + 3*j + j**3 - 5*j. What is x(7)?
7
Let n(a) = 5*a - 2. Let v(u) = -9*u + 3. Let t(m) = -11*n(m) - 6*v(m). What is t(3)?
1
Suppose 4*l + 3 + 5 = 0. Let t be (l + -3)/((-2)/2). Let d(g) be the third derivative of -g**5/60 + 7*g**4/24 - g**3/2 + 2*g**2. Give d(t).
7
Let j(d) = -d**3 + d**2 - 3. Suppose i - 4*i = 0. Give j(i).
-3
Let o(l) = -l**3 - 2*l**2 - 6*l + 1. Let s(v) = -v**3 - v**2 - 6*v + 2. Let n(g) = 6*o(g) - 5*s(g). Let p be (-3 + -1)*3/2. Calculate n(p).
-4
Let g(p) = -p**2 - 4*p + 3. Let m be 2*(-1*6 - -3). Give g(m).
-9
Let b(y) = -3 - 6*y - 2 - y**3 + 4*y**3. Let t(g) = 5*g**3 - 11*g - 9. Let r(l) = -11*b(l) + 6*t(l). Determine r(1).
-2
Let r(f) = -2*f. Let z(j) = -j**3 + 2*j**2 - 2*j. Let n be z(2). Let i(q) = -q. Let g(b) = n*r(b) + 9*i(b). Give g(1).
-1
Suppose 3*h + 2*h = 0. Let n(v) = 4*v**2 + 2*v + 4. Let u(g) = -5*g**2 - 3*g - 3. Let a(d) = 4*n(d) + 3*u(d). Determine a(h).
7
Let g(p) = p**3 - 4*p**2 - 3*p - 4. Let q = -10 + 15. Give g(q).
6
Let w(d) = -d**2 + 5*d + 1. Let j be -4 + 10 + 1/(-1). Let i be (-2)/(-6) + (-6)/(-9). Let g = j - i. Calculate w(g).
5
Let b = 18 + -14. Let r be b + 4/(-4)*-1. Let o(k) be the third derivative of -k**5/60 + k**4/6 - k**3/2 + k**2. What is o(r)?
-8
Let w(t) = -4 + 4 + 4*t + 3*t**2 - 4*t**3 + 3. Let l(z) = 7*z**3 - 6*z**2 - 8*z - 5. Let u(n) = 3*l(n) + 5*w(n). Determine u(4).
0
Let k(c) = -c**3 + 5*c**2 + 2*c - 7. Suppose 0 = r + r + 14. Let s = r + 12. What is k(s)?
3
Let h be ((-1)/(-2))/((-1)/(-4)). Let g(u) = -2*u - u**3 - 2*u + h*u**2 + 4*u. What is g(2)?
0
Let j(r) = r**2 + r + 2. Let l be j(0). Let y(v) = 3*v**l - 1 - v**2 + 2*v**2. Determine y(1).
3
Suppose -8 + 56 = 3*y. Let f = 21 - y. Let o(p) = -p**2 + 5*p - 6. Determine o(f).
-6
Let d = -9 - -8. Let p(o) be the third derivative of -o**4/8 + 7*o**3/6 + o**2. Let c(w) = w - 1. Let k(f) = -6*c(f) - p(f). Calculate k(d).
2
Let i(v) = -v**2 - 3 - 4 + 3*v - 9*v. Suppose -2*k + 0*k + 10 = -5*p, 0 = 4*k - 5*p. What is i(k)?
-2
Let n(i) = i + 1. Let k(x) = 2*x + 3. Let a(g) = -k(g) + 5*n(g). What is a(4)?
14
Let m(j) = 13*j**3 + 11*j + 3*j**2 - 6 - 13*j**2 - 14*j**3 + 0. Let g be m(-11). Let i(h) = h**3 + 5*h**2 - 9*h - 9. Give i(g).
9
Suppose -8 = w + 7. Let i be (-51)/w + (-2)/5. Let z(m) be the third derivative of -m**5/60 + m**4/24 + m**3/3 - m**2. Calculate z(i).
-4
Let k be (84/147)/((-5)/(70/(-4))). Let b(s) = 2*s**2 - s - 2. Give b(k).
4
Let m(p) = -9*p - 3. Let u(b) = -11*b - 3. Let c(o) = -4*m(o) + 3*u(o). What is c(-4)?
-9
Let p = 167 - 161. Let y(b) = b**3 - 7*b**2 + 7*b - 6. Calculate y(p).
0
Let o(z) be the first derivative of z**2 + 2*z - 1. Give o(4).
10
Let c(u) = u - 9. Let y be 9 - (-9)/12*-4. Determine c(y).
-3
Let x(v) = -2*v + 4. Let c be 9 - (-2 + 6 + -1). What is x(c)?
-8
Let c(v) = 4*v + 2*v**2 + 0*v**2 + v**3 + 3*v**2. Let i(g) = -g**3 + 4*g**2 - 4*g + 3. Let s be i(3). Suppose 2*f + 3 + 5 = s. Calculate c(f).
0
Let h = 176 - 170. Let j(o) = o**3 - 7*o**2 + 8. Give j(h).
-28
Let y = 4 + 0. Let f(j) = -1 + 0*j - j**2 + y*j**3 - 2*j + j**3. Suppose -4*u + 0*u = 4. What is f(u)?
-5
Let z(i) = -i**3 - 5*i**2 + 6*i - 3. Let h(u) = -2*u**2 + 1 + 5*u + u**2 + 0. Let x be h(6). Let c = -1 + x. Calculate z(c).
-3
Suppose 2*l = 10*l - 16. Let a(u) = 7*u + 4. Let f(h) = -7*h - 3. Let k(r) = 5*a(r) + 6*f(r). Calculate k(l).
-12
Let l(f) = -f**3 - 7*f**2 - 6*f - 7. Let y(a) = a - 3. Suppose x + 3*t + 1 = -2, -t - 6 = 2*x. Let h be y(x). Give l(h).
-7
Let z(s) = -13*s**2 - 6*s - 5. Let l(h) = -2*h**2 - 2. Let y(j) = 6*l(j) - z(j). Let t(o) = o**3 + 4*o**2 + 3*o + 6. Let n be t(-4). Determine y(n).
-7
Let o(d) = -d + 2. Let p(x) = 20*x - 14. Let n(l) = -7*l + 5. Let f(h) = -14*n(h) - 5*p(h). Let u be f(-3). Let m(v) = -2*v + 8. Let w be m(u). Give o(w).
6
Let a(n) be the third derivative of 5*n**4/24 + n**3/3 - n**2. Let y = -95 - -93. What is a(y)?
-8
Let f be (9/((-45)/70))/2. Let n(t) = -t**3 - 6*t**2 + 6*t + 1. Determine n(f).
8
Let c = 5 - 1. Let p(i) be the second derivative of -3/2*i**2 - 5/12*i**c + 0 + 1/20*i**5 + i**3 - 2*i. Calculate p(4).
5
Let a(g) = g - 5. Suppose 8 = h + 3*j, -h + 5*j = j - 1. Determine a(h).
0
Let u(i) = i**3 - i**2 - 4. Let w be u(0). Let p(l) be the third derivative of -l**6/120 - l**5/15 - l**4/8 - l**3 - l**2. Give p(w).
6
Let t(o) = o**2 - 5*o + 3. Suppose 5 = b - 2*b. Let u be (b/10)/(1/(-4)). Let r be 16/5 - u/10. Give t(r).
-3
Let u(q) = -4*q + 44 - 2*q + 5*q. Let v be u(0). Let g(d) = -v + 44 - 6*d**2 - d. Determine g(-1).
-5
Let f be 6/4*(-5 - 5). Let t = f + 11. Let u(k) = -4*k - 1. What is u(t)?
15
Suppose -m + 9 = 4*m + h, -4*m - 3*h = -16. Let w(n) be the second derivative of 13*n**4/12 - n**3/6 + 2*n. What is w(m)?
12
Let w be 80/(-16)*(-2)/2. Let h(k) = k**3 - 7*k**2 + 5*k - 6. Give h(w).
-31
Let m(s) = -s**3 - 5*s**2 - 2*s + 5. Let z(d) be the first derivative of 1 - 1/3*d**3 - 2*d**2 - 4*d. Let p be z(-4). Determine m(p).
-3
Let g = 177 - 179. Let q(b) = -2*b**3 + b**2 + 2*b + 2. Determine q(g).
18
Let x(v) = v**3 - v**2 + v - 1. Suppose 6 - 1 = 5*t. Suppose -i - t = 1. Let b be -2 + 4 + i - -1. What is x(b)?
0
Let l be ((-3)/2)/(15/20). Let w be l/(-1) + (-8 - -2). Let n(v) = -v**2 - 7*v + 1. Let z(r) = -r + 1. Let u(m) = n(m) - z(m). Determine u(w).
8
Let g(k) be the second derivative of k**4/12 - 7*k**3/6 + 2*k**2 - 7*k. What is g(7)?
4
Suppose 0 = -2*h + 6*h + 3*r - 14, h - 4 = -r. Let o(p) be the third derivative of p**6/120 - p**5/20 + p**3/3 + 10*p**2. Calculate o(h).
-2
Let c(v) be the third derivative of -1/3*v**3 + 0*v + 2*v**2 + 0 - 1/40*v**5 - 1/24*v**4. Let d(u) be the first derivative of c(u). Give d(1).
-4
Let m = -1 - -3. Let i(o) = -o**m - 2*o**2 - o + 2 - o**2 + 3*o**2. Calculate i(2).
-4
Let v = -3 - 0. Let m(s) be the first derivative of 1/3*s**3 + 1/4*s**4 - 2*s**2 + s + 1. Calculate m(v).
-5
Let n(y) = 3*y - 3. Let o(k) = -k**3 - 7*k**2 - 7*k + 1. Let q be o(-6). Let x be (8/(-28))/((-1)/q). Calculate n(x).
3
Suppose -5*h + 35 = 4*q, 3*q - 25 = -5*h + q. Let m(z) = -4 + 1 + 1 + 0*z + h*z. What is m(2)?
4
Suppose -5*s - 23 = f + 257, -4*s + 5*f = 224. Let o be 1/3 - s/12. Let z(w) = -w**2 + 6*w - 5. Give z(o).
0
Suppose -3*l = -4*l + 2. Suppose 0 = -g + 5*r - l, g + g = -3*r - 4. Let t(x) = x**3 + x**2 - x - 2. What is t(g)?
-4
Let u(n) = n**2 + 6*n + 1. Suppose -2 = 2*f + 6. Calculate u(f).
-7
Let x = -74 - -76. Let h(o) = -8*o**2 + 2*o - 2. Calculate h(x).
-30
Let i be (-6 - -4)*(-2)/4. Let g be i - (7 + -2 - -1). Let k(r) = -3*r**2 - 8*r - 2. Let x(f) = f**2 + f. Let d(h) = -k(h) - 2*x(h). What is d(g)?
-3
Suppose -5*j = -7 - 23. Let h(d) = d - 4. Let p be h(j). Let y(u) be the first derivative of 2*u**2 + u - 24. What is y(p)?
9
Let h(o) = -o**2 + 4*o + 7. Let z be h(5). Let x(c) = -c + 2. Calculate x(z).
0
Let j(d) = -d - 16. Let n be j(0). Let t be (-4)/n - 51/12. Let z(y) be the first derivative of -y**4/4 - y**3 + y**2 + 4*y - 1. Determine z(t).
12
Suppose 6*p = 3*a + 3*p - 27, 3*a + 4*p = 20. Let q(o) = -4*o + 9*o - 9 + o**2 + a. Let l be (1 + 2)*(-20)/15. Calculate q(l).
-5
Let u(y) = -y**3 + 324 - 5*y**2 - 320 + 2*y**3. Calculate u(5).
4
Let k(t) = -6 + 2 - 5 - 9*t + 5. Let x(w) = -10*w - 5. Let m(s) = -5*k(s) + 4*x(s). G